9) + 2)) + 41
48
-73 + 6 + (13 + -18 + 16 - 13)
-69
Evaluate -33 + (5 + 26 - -5).
3
Evaluate (52 - 77) + 45 + -58.
-38
Evaluate -34 + 45 + (-204 - -131).
-62
35 - (10 - (-63 + 17 + -26))
-47
What is the value of -94 + 93 + (11 - 12 - (3 - 2))?
-3
Calculate 85 + (7 - (6 - -8 - 11 - -10)).
79
Calculate -38 - (-26 - -4) - ((-1 - 56) + 0).
41
Evaluate -88 + 179 + -76 + 38.
53
What is the value of 67 + -21 + -49 - (-65 + 1)?
61
What is the value of (29 + -44 - 32) + 78?
31
What is (3 - 2) + (-20 - -28 - (-2 - 16))?
27
What is the value of 48 + (-5 - (19 + -16) - -20) + -33?
27
What is 74 + (6 + -25 - (2 - (5 + 7))) + -10?
55
Evaluate 15 + -80 + 13 - (-6 + 10 + -18).
-38
What is 45 - ((-23 - -17 - 10) + 37)?
24
What is (-36 - (-13 + -4) - -18) + 0 + -64 + 10?
-55
What is the value of (-30 - (-58 - -6)) + (12 - -1) - -17?
52
24 - (76 + (-59 - 9))
16
Evaluate -3 + 82 + (-14 + 25 - -5 - 8).
87
(-13 - (-7 - -5)) + 62 + 14 - (11 - 25)
79
What is the value of -65 + 36 + 2 + 4?
-23
What is (18 - -2) + 7 - (22 - 9) - 66?
-52
What is the value of (-8 - (0 + 2)) + 5582 + -5610?
-38
What is -43 + 96 + (-16 - -1) + 8?
46
Evaluate (-39 - -30 - -12) + (-4 - 10).
-11
What is (405 - 338) + 16 + (4 - 2) + 16?
101
What is 47 + -29 + (-30 - 26)?
-38
Evaluate 2 - 9 - (120 - (41 + -24 + 29)).
-81
What is 42 - (5 - (-10 - (186 + -40)))?
-119
-14 + -46 + 36 - -19
-5
Evaluate (20 + -33 - (-12 - -20 - (-1 + 10))) + -2.
-14
Evaluate (7 - 98) + 125 - (0 + 13).
21
Calculate -57 + (112 - 85) - (-8 - -1) - -63.
40
What is 81 - (30 - (-20 + 11) - 25)?
67
Calculate 32 + (-4 - -15) + -5 + (-10 - -8).
36
What is the value of (-3 - 2 - (-3 - 0)) + 51 - (-14 + 23)?
40
Calculate 11 + 8 - (-5 - (-9 + (1 - -2))).
18
Evaluate -1 + -52 + 99 + -71 + -39.
-64
Evaluate -5 + (-2 + 13 + 2 - (-5537 + 5413)).
132
Evaluate 104 + -44 + -127 + 57.
-10
Calculate (3 - -6 - 15 - (-40 + 0) - 1) + -5.
28
Evaluate -6419 - -6389 - (-2 + -7).
-21
What is the value of 89 + -49 + -20 - 14?
6
What is the value of 19 - (9 + -19 - -8) - 11?
10
Calculate 1 + -11 + (5 + 3 - 0) + (24 - 30).
-8
Calculate 71 + -18 + 22 + (-17 - -4).
62
(7 - (7 - 11)) + (-21 - -22) + 42
54
Evaluate -48 - (-15 + 50 + -78) - (0 + -16).
11
What is the value of -15 + 24 + -19 - ((5 - -1) + -30)?
14
Evaluate 8 - (5 + -4) - ((-6 - 18 - -33) + -13).
11
Evaluate -8 + (10 - 4) - (13 + (-16 - 5)) - -42.
48
What is the value of 18 + -16 + -15 + 13 + 1 + 40?
41
Calculate 18 + -130 + (30 - 3) + -14 - (-1 + 1).
-99
(3 + 0 - 2) + 366 + -378 + -1 + -4
-16
What is the value of 44 + (-5 - (2 - 17) - -2)?
56
What is (1 - -1 - 2) + -95 + 93 + 85?
83
What is the value of 8 + -8 - (3 + 29 + -23)?
-9
-10 + (2 - (-5 - -24 - -1))
-28
What is the value of (1 + (22 - 5) - (80 - 64)) + -80?
-78
Evaluate -7 + -39 + 77 - 23.
8
Calculate (15 - (12 + 3 - 1)) + -38.
-37
-133 + (-32 - -218) + -93
-40
Evaluate (-7 - -1 - -22 - (57 - 55)) + 0.
14
Evaluate 18 - ((1 - -3) + -67 + 5).
76
What is (29 - 3) + 150 + -169 + 4 + -12?
-1
Evaluate -47 + (211 - (103 + -21)).
82
Evaluate (0 - (-1 + 0)) + 95 - (-3123 + 3118).
101
Calculate (1 - 18) + (233 - 260) + -27.
-71
Calculate -16 - (-27 + (19 - 51)).
43
What is the value of -37 - ((7 - 47 - 25) + 12)?
16
(-226 - -109 - -126) + (9 - ((2 - 0) + 0))
16
What is the value of -1 - 21 - (-28 - (6 + -22)) - (-22 + 0)?
12
Calculate (235 - (-100 - -221)) + -129.
-15
Evaluate 77 + -45 + 14 + -5.
41
Calculate (-1 - ((-34 - -26) + -2 + 1)) + -21.
-13
Calculate -39 + (26 - 47 - (-202 - -33)).
109
Evaluate (1 - 53) + (-618 - -628).
-42
Evaluate 14 + -11 + (-10 - -19 - 4) + 9.
17
What is 12 - (-148 + 181 - (8 - 4 - -8))?
-9
Calculate -96 + 98 - (-5 + 7 + -3 + 0 + -3).
6
What is -868 + 838 + (4 + 0 - -23)?
-3
What is -52 - (-91 + 85 - -5)?
-51
Evaluate 35 - (-47 + 74) - -12.
20
Calculate 27 - 18 - (228 + -244).
25
What is 12 - (75 - -19 - 47)?
-35
What is 57 + -38 + (25 + -11 - (-6 - 50))?
89
What is (35 - 253) + 210 - (22 - (-1 + 1 + 2))?
-28
Evaluate -9769 - -9778 - (33 + 1 + 0).
-25
(17 - 7 - 1 - 1) + -12 + 18 + 1
15
What is the value of -209 - -155 - (-46 - -1)?
-9
What is the value of 122 + (-224 - -17 - -91)?
6
Evaluate (8 - 23) + 16 + 2 + -1 - -48.
50
Calculate (-1 - 58) + 115 + -60.
-4
Evaluate 22 + 1 - (7 + -3 + -29).
48
(0 - 2) + (-14 - -16) + -1 - (613 + -610)
-4
Evaluate 48 - (5 + (-2 - ((-17 - -21) + -5 + 3))).
47
What is the value of -995 + 1084 + (0 - (23 - -3))?
63
What is the value of 0 + 47 + 7 - ((-4 - (4 + -7)) + 6)?
49
-7 - (-6 + -2 + 2 + 171 + -59)
-113
What is 5710 + -5663 - (-39 - (1 + -2))?
85
What is the value of 29 + (-24 - -13 - (-10 + -1)) + 5?
34
Calculate -1 + -6 - (2 + (-18 - (-2 + -2 + 17))).
22
What is the value of 38 - -10 - (131 + -111)?
28
-4 + (10 - -5) - (195 + -206)
22
What is -23 - (-20 + 8) - (2 + -42 + 4) - -1?
26
What is (14 - -75 - -15) + -1 + -32?
71
Calculate 33 + (51 - 7) + 81 + -96.
62
-45 + -23 + 54 + -4 + 37
19
(-17 - (-1 + -1)) + (-98 - (-106 - 1))
-6
Calculate (1 + -1 - (-10 - -4)) + -1 + (0 - 3).
2
What is the value of (-6 - 20 - (6 + -18)) + 5 + 11 - -4?
6
(21 - 2 - -14) + -13 - (-10 - -1 - -1)
28
What is (224 - 91) + -114 + -128?
-109
-34 - (-107 + -10) - 151
-68
-2 + -2 + 37 + -6 + 17
44
What is (-14 - -11) + 15 + (9 - 9)?
12
(81 + 30 - 58) + 1
54
(-30 + 32 - 26) + -38 + 9
-53
-8 - (-5 - -3) - (-27 + 28)
-7
What is the value of 1 - -2 - ((31 - 20) + -1 - (11 - -6))?
10
Calculate (1 - -3) + (48 - (-9 - -4)) - (-12 + 10).
59
What is 33 + 13 + -34 - (-1 + -72)?
85
What is 0 + (-3 - (-1 - -23) - (0 + -8 + 12))?
-29
Evaluate 53 - (84 + (17 - 120)).
72
Calculate -57 + 0 + 5 + -24 + (5 - -15).
-56
-498 + 478 - (-1 + -9) - 15
-25
(52 + -45 - 40) + -14
-47
Evaluate 7 - (19 + -31 + 0 + 63).
-44
Calculate -17 + 3 - -14 - (-3 - -13) - 23.
-33
-86 - 0 - (-9099 - -8989)
24
What is the value of -66 - ((-12 - -3) + -6)?
-51
(20 + -2 + -7 - 10) + (5 - 69) + 6
-57
Evaluate -2 + -21 - (-28 - (-8 - 12)).
-15
Calculate (-47 - 33) + 82 - (3 + -4 - (-4 + 0)).
-1
What is the value of 18 - -18 - -2 - (1 - -7)?
30
Calculate -21 + (32 + -26 - -51).
36
What is -32 + -38 + (143 - 76)?
-3
What is the value of 46 + (-4 - (-16 + 1 + -94 + 92))?
59
Evaluate -254 + 264 - ((3 - 2 - -2) + -2).
9
Evaluate -3 + 0 + 1 + -2 + (-49 - (0 + 20)).
-73
Calculate 6 - (-86 - -74) - -59.
77
What is the value of -79 + (223 - 110) + -180 + -5?
-151
Calculate 16 + -20 - (-818 + 701).
113
Calculate 15 - -7 - (-52 - -38 - -6).
30
-3 + 49 + -307 + 276
15
-5 + (-66 - -38 - -86)
53
Evaluate -7 - (30 - 66 - 22).
51
What is (10 - 3) + (23 - (38 + -13) - (0 + 44))?
-39
What is -30 + (-29 - -24) + 22 + -68 + -3?
-84
Evaluate -14 - -1 - (16 - (18 + -2 + 2 + -13)).
-24
Calculate -49 + -36 + 18 + 20.
-47
Calculate 6 - (66 - (12 + 1 + -5 + 5)).
-47
What is (6 - -5 - (-206 - -176)) + -41?
0
Calculate -35 + (94 - (0 - -12)) + 1 + 12.
60
Evaluate 0 - -30 - (18 + 63).
-51
Calculate -44 + 0 + (2 + 31 - (37 - (13 + 4))).
-31
What is the value of (2 - (-13 + 7 + 18)) + 3 - -1 - -63?
57
What is the value of (-2 - (2 + -11)) + (-6518 - -6437)?
-74
Evaluate (35 + -41 - (-7 - 5)) + -83 + (-2 - -1).
-78
What is (55 - (87 - 22)) + (1 - -32) - (2 + -8)?
29
What is the value of -2 - ((6 - -7) + -45)?
30
54 - (66 + -80 + 25)
43
What is 15 - 2 - (-63 - (-99 + -3))?
-26
What is 80 + 0 + 1 + 4 - (22 + 3 - 15)?
75
What is -19 + 7 - ((4 - -75 - 6) + -22)?
-63
What is 8 + (0 - (-4 + -6) - -2 - -28)?
48
Evaluate (-59 - (-6 - -5)) + 12 + 10 - (11 - 1).
-46
What is the value of -9 + (3 - (24 - 19)) + -9?
-20
Calculate -309 + 255 - (3 - 27).
-30
Calculate -8 - (-36 - ((7 - -1) + -7) - (-3 - 9)).
17
Evaluate -18 + (-18 - (-13 + -13)) + -5.
-15
What is the value of -23 + (-17 + -51 - -42) - 4?
-53
What is the value of -197 + 179 - (-56 + 7)?
31
What is 0 + -28 - 2 - (76 - (110 + -40))?
-36
What is 0 + -53 + ((-12 - (-24 + 25)) + -24 - -26)?
-64
Evaluate 0 - 1 - (3 + -6 + 3 + (7 - 4)).
-4
Evaluate -1 - (-4 + 17) - (7 + -33 + 39).
-27
Calculate -119 - (-23 + (-7 - -17) + 11 + -10).
-107
-12 - (4 - -8) - (6 + -23)
-7
What is the value of 4 - -2 - (-56 - (-29 + -76))?
-43
Evaluate 7 - (12 + (1 - (-2 - -15))).
7
Calculate -91 + 84 + (28 - 1).
20
What is 1 - (-10 + -1) - (-2 - (56 + -160 - -53))?
-37
-1854 + 1695 - (-96 + 5)
-68
Evaluate -14 - ((-121 - (-24 + 15)) + -20 + 0 + -4